 156634097?
6
What is the units digit of 28844637?
7
What is the ten thousands digit of 62644088?
4
What is the thousands digit of 63066440?
6
What is the millions digit of 17669083?
7
What is the ten thousands digit of 5287841857?
4
What is the tens digit of 36608188?
8
What is the hundred thousands digit of 1665614698?
6
What is the tens digit of 6972906081?
8
What is the tens digit of 2245361879?
7
What is the tens digit of 213298403?
0
What is the ten thousands digit of 2765252257?
5
What is the ten millions digit of 945886133?
4
What is the units digit of 2024975624?
4
What is the thousands digit of 34128343?
8
What is the hundred thousands digit of 71385816?
3
What is the thousands digit of 1097439355?
9
What is the hundred thousands digit of 62357378?
3
What is the millions digit of 1107105571?
7
What is the thousands digit of 266066678?
6
What is the thousands digit of 78712078?
2
What is the millions digit of 17581782?
7
What is the tens digit of 2460572973?
7
What is the units digit of 308559815?
5
What is the ten millions digit of 188856377?
8
What is the hundred thousands digit of 4082086643?
0
What is the tens digit of 1868587139?
3
What is the tens digit of 454396926?
2
What is the thousands digit of 2024964611?
4
What is the tens digit of 292326881?
8
What is the units digit of 1894742114?
4
What is the tens digit of 5822424511?
1
What is the hundred thousands digit of 94893073?
8
What is the hundreds digit of 568084134?
1
What is the thousands digit of 1978499657?
9
What is the ten millions digit of 2109624593?
0
What is the tens digit of 1113319727?
2
What is the ten millions digit of 3488894883?
8
What is the billions digit of 7381249533?
7
What is the hundred millions digit of 2674026639?
6
What is the ten thousands digit of 13025315?
2
What is the hundreds digit of 56216677?
6
What is the hundred millions digit of 356019514?
3
What is the hundred thousands digit of 57239052?
2
What is the thousands digit of 203402336?
2
What is the hundreds digit of 246937242?
2
What is the millions digit of 1218737835?
8
What is the ten thousands digit of 23183064?
8
What is the ten millions digit of 6612988753?
1
What is the millions digit of 186511522?
6
What is the units digit of 197605443?
3
What is the ten millions digit of 24430776?
2
What is the millions digit of 3069820625?
9
What is the thousands digit of 54640127?
0
What is the hundreds digit of 35596619?
6
What is the ten thousands digit of 6552466?
5
What is the ten millions digit of 10211421?
1
What is the thousands digit of 35489911?
9
What is the thousands digit of 387278394?
8
What is the hundreds digit of 417427989?
9
What is the tens digit of 190626010?
1
What is the hundred thousands digit of 615534374?
5
What is the hundred millions digit of 193639330?
1
What is the units digit of 777481260?
0
What is the hundreds digit of 816367628?
6
What is the ten millions digit of 1803178736?
0
What is the ten millions digit of 929387650?
2
What is the units digit of 199839206?
6
What is the millions digit of 14942670?
4
What is the units digit of 593555720?
0
What is the hundred millions digit of 309950360?
3
What is the thousands digit of 39651114?
1
What is the hundreds digit of 93131885?
8
What is the thousands digit of 2107185?
7
What is the ten thousands digit of 52969716?
6
What is the hundred millions digit of 3346251716?
3
What is the tens digit of 427276594?
9
What is the hundred millions digit of 355496384?
3
What is the thousands digit of 380973009?
3
What is the hundred millions digit of 4111530875?
1
What is the hundred thousands digit of 27303543?
3
What is the ten millions digit of 1172903220?
7
What is the hundred thousands digit of 69206548?
2
What is the units digit of 201223561?
1
What is the units digit of 58015272?
2
What is the hundred thousands digit of 2604084656?
0
What is the hundred thousands digit of 22573408?
5
What is the hundreds digit of 439361616?
6
What is the ten millions digit of 5837006353?
3
What is the ten millions digit of 144675399?
4
What is the millions digit of 48251182?
8
What is the units digit of 79670155?
5
What is the millions digit of 46065654?
6
What is the tens digit of 20414884?
8
What is the units digit of 177903949?
9
What is the millions digit of 40690380?
0
What is the hundred thousands digit of 13642569?
6
What is the thousands digit of 738901313?
1
What is the hundred millions digit of 597162404?
5
What is the tens digit of 1839449464?
6
What is the hundred millions digit of 1326601224?
3
What is the units digit of 43381585?
5
What is the billions digit of 1727722924?
1
What is the ten thousands digit of 1815171855?
7
What is the hundred thousands digit of 38441265?
4
What is the tens digit of 2437178?
7
What is the ten millions digit of 51049901?
5
What is the ten millions digit of 993061211?
9
What is the tens digit of 5198781?
8
What is the hundreds digit of 418800788?
7
What is the ten thousands digit of 12593789?
9
What is the ten thousands digit of 4616187165?
8
What is the hundreds digit of 52965255?
2
What is the millions digit of 398857723?
8
What is the tens digit of 713392554?
5
What is the hundred millions digit of 170927530?
1
What is the ten millions digit of 77019000?
7
What is the hundreds digit of 1272512048?
0
What is the ten millions digit of 579475198?
7
What is the hundred thousands digit of 1187134134?
1
What is the millions digit of 748378416?
8
What is the billions digit of 1353057488?
1
What is the hundred millions digit of 116215457?
1
What is the hundred millions digit of 3907482283?
9
What is the millions digit of 85106571?
5
What is the ten thousands digit of 342566656?
6
What is the millions digit of 226974233?
6
What is the ten thousands digit of 1487240574?
4
What is the millions digit of 1171376646?
1
What is the millions digit of 76429622?
6
What is the hundred millions digit of 329610398?
3
What is the hundred millions digit of 699518970?
6
What is the hundreds digit of 624043552?
5
What is the units digit of 294932207?
7
What is the hundreds digit of 742078636?
6
What is the ten millions digit of 482365947?
8
What is the hundred thousands digit of 875325672?
3
What is the ten millions digit of 598288326?
9
What is the tens digit of 2257386818?
1
What is the ten thousands digit of 736310637?
1
What is the ten thousands digit of 71785380?
8
What is the hundreds digit of 1529184976?
9
What is the hundred thousands digit of 17751421?
7
What is the millions digit of 7326648856?
6
What is the ten millions digit of 846744154?
4
What is the hundred thousands digit of 89699515?
6
What is the thousands digit of 149256641?
6
What is the billions digit of 1910190271?
1
What is the ten thousands digit of 2739933?
3
What is the hundred thousands digit of 4715501?
7
What is the ten millions digit of 2171676852?
7
What is the hundreds digit of 799338302?
3
What is the hundred thousands digit of 2951994713?
9
What is the thousands digit of 42483808?
3
What is the thousands digit of 19909928?
9
What is the units digit of 30284783?
3
What is the ten millions digit of 22172638?
2
What is the thousands digit of 43055277?
5
What is the ten millions digit of 3901423823?
0
What is the thousands digit of 252198658?
8
What is the millions digit of 3723305041?
3
What is the units digit of 66465774?
4
What is the hundred millions digit of 239862358?
2
What is the hundred millions digit of 1533182771?
5
What is the thousands digit of 191239440?
9
What is the millions digit of 38396496?
8
What is the tens digit of 37354362?
6
What is the millions digit of 808727674?
8
What is the hundreds digit of 5364892?
8
What is the millions digit of 44826833?
4
What is the hundred thousands digit of 1117780055?
7
What is the hundred thousands digit of 547652770?
6
What is the hundreds digit of 2075868922?
9
What is the hundreds digit of 43132345?
3
What is the hundreds digit of 40923620?
6
What is the tens digit of 532982592?
9
What is the ten millions digit of 86979280?
8
What is the hundred thousands digit of 316176447?
1
What is the thousands digit of 2798700339?
0
What is the millions digit of 345923920?
5
What is the hundreds digit of 39777466?
4
What is the millions digit of 2122220501?
2
What is the millions digit of